on divisor of 24 and 304?
8
Calculate the highest common factor of 2343 and 121.
11
What is the greatest common divisor of 429 and 91?
13
What is the highest common divisor of 80 and 680?
40
Calculate the greatest common factor of 1652 and 252.
28
What is the greatest common factor of 19 and 52079?
19
Calculate the highest common factor of 767 and 13.
13
Calculate the greatest common divisor of 266 and 182.
14
Calculate the greatest common factor of 76 and 2318.
38
Calculate the highest common divisor of 120 and 990.
30
Calculate the highest common factor of 994 and 84.
14
What is the highest common divisor of 793 and 488?
61
Calculate the greatest common factor of 16 and 200.
8
What is the highest common factor of 63 and 17409?
21
What is the greatest common divisor of 696 and 78?
6
Calculate the highest common divisor of 152 and 144.
8
Calculate the greatest common factor of 189 and 819.
63
Calculate the highest common divisor of 20 and 500.
20
What is the highest common factor of 12 and 1948?
4
Calculate the highest common factor of 231 and 273.
21
What is the highest common divisor of 150 and 1275?
75
Calculate the highest common factor of 34 and 1513.
17
What is the highest common divisor of 35 and 490?
35
Calculate the highest common factor of 15016 and 8.
8
What is the greatest common divisor of 222 and 3219?
111
Calculate the greatest common divisor of 40 and 530.
10
What is the highest common factor of 148 and 5476?
148
Calculate the highest common factor of 305 and 122.
61
What is the greatest common factor of 315 and 780?
15
What is the highest common factor of 14 and 6?
2
Calculate the greatest common factor of 180 and 660.
60
Calculate the greatest common divisor of 1 and 64.
1
What is the highest common divisor of 7 and 1?
1
Calculate the greatest common factor of 933 and 3.
3
Calculate the highest common factor of 26 and 286.
26
What is the highest common divisor of 414 and 288?
18
Calculate the highest common factor of 7957 and 109.
109
What is the highest common factor of 520 and 390?
130
Calculate the greatest common divisor of 1144 and 88.
88
What is the highest common divisor of 172 and 43?
43
Calculate the highest common divisor of 506 and 33.
11
Calculate the greatest common divisor of 89 and 267.
89
Calculate the highest common divisor of 4189 and 213.
71
What is the highest common divisor of 710 and 20?
10
Calculate the greatest common divisor of 5 and 3.
1
Calculate the greatest common factor of 92 and 322.
46
What is the highest common factor of 65 and 2?
1
What is the highest common factor of 1748 and 736?
92
What is the highest common divisor of 903 and 315?
21
What is the greatest common divisor of 216 and 24?
24
Calculate the greatest common factor of 116 and 668.
4
Calculate the highest common divisor of 700 and 28.
28
What is the greatest common divisor of 297 and 66?
33
Calculate the greatest common factor of 55 and 451.
11
Calculate the highest common divisor of 27136 and 16.
16
Calculate the greatest common factor of 60 and 420.
60
What is the highest common divisor of 224 and 7?
7
Calculate the greatest common divisor of 28 and 76.
4
Calculate the greatest common divisor of 7912 and 46.
46
What is the greatest common factor of 196 and 56?
28
Calculate the highest common divisor of 1740 and 40.
20
Calculate the highest common divisor of 5 and 121.
1
Calculate the greatest common factor of 752 and 16.
16
What is the highest common factor of 1 and 1?
1
Calculate the highest common divisor of 7128 and 16.
8
Calculate the highest common divisor of 18 and 7929.
9
Calculate the highest common factor of 130 and 715.
65
What is the greatest common divisor of 138 and 28?
2
Calculate the highest common divisor of 160 and 90.
10
Calculate the highest common divisor of 2635 and 255.
85
What is the highest common factor of 25 and 45?
5
Calculate the greatest common factor of 47866 and 182.
182
Calculate the greatest common factor of 33 and 1023.
33
Calculate the highest common factor of 738 and 18.
18
What is the highest common divisor of 25207 and 13?
13
Calculate the highest common divisor of 4296 and 96.
24
Calculate the greatest common factor of 744 and 48.
24
Calculate the greatest common divisor of 68 and 476.
68
Calculate the highest common factor of 17 and 34.
17
Calculate the highest common divisor of 122 and 4.
2
Calculate the highest common factor of 10 and 370.
10
Calculate the greatest common factor of 67 and 1072.
67
What is the highest common factor of 279 and 527?
31
What is the highest common divisor of 208 and 130?
26
What is the greatest common factor of 45 and 405?
45
Calculate the greatest common divisor of 429 and 132.
33
Calculate the greatest common factor of 445 and 356.
89
What is the greatest common factor of 10 and 5290?
10
What is the highest common divisor of 7847 and 14?
7
Calculate the highest common factor of 800 and 25.
25
Calculate the highest common factor of 667 and 23.
23
What is the highest common factor of 85 and 2601?
17
Calculate the highest common factor of 8 and 2264.
8
Calculate the highest common factor of 2355 and 195.
15
What is the greatest common divisor of 495 and 209?
11
What is the greatest common divisor of 6225 and 50?
25
Calculate the highest common divisor of 114 and 285.
57
What is the highest common divisor of 594 and 216?
54
Calculate the greatest common factor of 14 and 8.
2
Calculate the greatest common divisor of 42 and 7854.
42
What is the greatest common divisor of 8 and 44?
4
Calculate the greatest common divisor of 16 and 176.
16
What is the greatest common divisor of 3 and 1167?
3
Calculate the greatest common factor of 6 and 354.
6
Calculate the greatest common factor of 532 and 476.
28
Calculate the greatest common divisor of 12 and 366.
6
What is the highest common divisor of 28 and 2996?
28
What is the highest common divisor of 18 and 78?
6
Calculate the greatest common factor of 861 and 5043.
123
What is the greatest common divisor of 55 and 1089?
11
Calculate the highest common factor of 17 and 2669.
17
What is the highest common factor of 10 and 920?
10
Calculate the highest common divisor of 1024 and 8.
8
Calculate the highest common factor of 64 and 32.
32
What is the greatest common divisor of 2 and 166?
2
Calculate the greatest common factor of 55 and 55.
55
Calculate the greatest common divisor of 224 and 128.
32
What is the highest common factor of 50 and 600?
50
Calculate the greatest common factor of 3240 and 10.
10
Calculate the greatest common divisor of 711 and 171.
9
What is the highest common divisor of 4683 and 21?
21
What is the greatest common factor of 104 and 2756?
52
What is the highest common factor of 2065 and 1475?
295
What is the greatest common factor of 1066 and 13?
13
Calculate the highest common divisor of 12 and 12.
12
What is the greatest common divisor of 27 and 12?
3
Calculate the greatest common factor of 105 and 45.
15
Calculate the greatest common divisor of 8944 and 13.
13
Calculate the greatest common factor of 40 and 20.
20
What is the highest common divisor of 63 and 609?
21
Calculate the greatest common divisor of 41 and 7.
1
What is the highest common divisor of 57 and 39?
3
What is the greatest common factor of 143 and 65?
13
What is the greatest common divisor of 32 and 272?
16
What is the highest common divisor of 78 and 5109?
39
Calculate the greatest common factor of 26427 and 138.
69
Calculate the greatest common divisor of 354 and 6.
6
What is the highest common divisor of 45 and 1590?
15
Calculate the highest common factor of 2 and 757.
1
What is the greatest common divisor of 8308 and 124?
124
Calculate the highest common divisor of 2905 and 70.
35
Calculate the highest common factor of 31 and 2759.
31
What is the greatest common factor of 77896 and 56?
56
What is the greatest common divisor of 10 and 1890?
10
What is the greatest common factor of 560 and 1162?
14
Calculate the greatest common factor of 49938 and 164.
82
Calculate the highest common divisor of 92 and 1058.
46
Calculate the highest common factor of 4453 and 1403.
61
What is the greatest common factor of 9804 and 18?
6
Calculate the highest common factor of 14 and 32.
2
What is the greatest common factor of 468 and 3224?
52
What i